n 7 is divided by s.
3
Suppose 0 = -5*j + 2*j + 39. Calculate the remainder when 258 is divided by j.
11
Let o(t) = t**3 - 7*t**2 + 4. Suppose -x - 4*a + 15 + 4 = 0, 0 = -5*x - 3*a + 44. Calculate the remainder when 15 is divided by o(x).
3
Let m be ((-32)/20)/(2/35). Let z be (4/8)/(2/m). What is the remainder when 47 is divided by (-2)/z - 220/(-14)?
15
Suppose -3*u + 7*u = 16. Calculate the remainder when 15 is divided by u.
3
Suppose -5*q - 5*p - 250 = -3*p, 5*q = -5*p - 265. What is the remainder when 11 is divided by 10/(-4)*q/20?
5
Suppose 0 = -2*k - 5*y + 54, 2*k - 7*k + 4*y + 135 = 0. Suppose 3*i - 86 = -41. What is the remainder when k is divided by i?
12
Suppose k - 2*t = 37, -3*k + 18 = 2*t - 85. What is the remainder when 68 is divided by k?
33
Suppose 3*m - 42 - 6 = 0. What is the remainder when 30 is divided by m?
14
Let f(z) be the second derivative of -z**4/12 + 7*z**3/3 + 7*z**2/2 - 2*z. Suppose 12 = -2*p + 3*p. What is the remainder when f(10) is divided by p?
11
Let t = -30 - -35. Calculate the remainder when 13 is divided by t.
3
Suppose 2*w = 4*w + 8. Let u = 23 + w. What is the remainder when 35 is divided by u?
16
Let l(v) = v**2 - 5*v + 8. What is the remainder when 30 is divided by l(5)?
6
Suppose 0 = -3*x - 4*s + 174, -3*s + 285 = 5*x + 2*s. What is the remainder when x is divided by 28?
26
Suppose -w + 4*k + 33 = 0, -2*w = 2*w + 2*k - 60. Suppose 0*v + 6 = v. What is the remainder when w is divided by v?
5
Let z be (0 + -2 - 0) + 0. Let q = z + 8. What is the remainder when 10 is divided by q?
4
Suppose 4*d + 12 - 36 = 0. Suppose -86 = -4*m - u + 2*u, -m + 28 = 3*u. Calculate the remainder when m is divided by d.
4
Let c(k) = -k**2 - 16*k + 26. Calculate the remainder when c(-13) is divided by 17.
14
Suppose -7*d = -0*d - 294. Suppose -4*j + 3*y + 2*y + 69 = 0, 2*j - 2*y = 32. Calculate the remainder when d is divided by j.
9
Suppose -2*l = 2, 4*u - 3*l + 4*l = 15. Suppose -u*z + 6*z - 66 = 0. Calculate the remainder when z is divided by 9.
6
Let k(y) = y**3 - 8*y**2 - 9*y + 13. Let p(f) = f**2 - 5*f + 3. Let n be p(6). What is the remainder when 25 is divided by k(n)?
12
Let h = 40 - -3. Calculate the remainder when h is divided by 11.
10
Let m(d) = 3*d**2 + d. Let w be m(-2). Suppose w = 3*a + 1. Suppose 2*j - a - 1 = 0. Calculate the remainder when j is divided by 1.
0
Calculate the remainder when (-93)/(-5) - (-54)/(-90) is divided by 12 - (2 + 0/(-3)).
8
Let c = 40 - 20. Suppose 3*g = -d - 12 + 27, -4*g + 2*d + 20 = 0. Suppose -g*s = -120 - 170. What is the remainder when s is divided by c?
18
Suppose 119 = 5*g + 2*n, 2*g + 0*g - 5*n = 65. Calculate the remainder when g is divided by 5.
0
Suppose 3*s = -5*v - 79, -2*s = 3*s + 2*v + 100. Let p = -7 - s. Let r = 11 + p. Calculate the remainder when r is divided by 8.
6
Suppose 0*v + 2 = 4*v + 5*i, 4*i - 8 = 0. Let d(y) = -7*y - 2. Let f(b) = 2*b**2 + 37*b + 74. What is the remainder when f(-17) is divided by d(v)?
11
Calculate the remainder when 77 is divided by 1 - 5/3 - 450/(-27).
13
Let k = -4 - -10. Calculate the remainder when 22 is divided by k.
4
Let a = 4 - 1. Let k = -2 + 7. Suppose -n + 0 = 3, n = -4*y + k. Calculate the remainder when a is divided by y.
1
Let a = 2 + -2. What is the remainder when 21/(-63) + 1 + 25/3 is divided by -1*(10 - a)/(-2)?
4
Suppose -3*s + 8 = -91. Calculate the remainder when 62 is divided by s.
29
Suppose 2*q - 45 = -3*q. Calculate the remainder when 102/4 - (-3)/6 is divided by q.
8
Suppose 37 = 3*a + 2*r - 7*r, -4*r = -a + 17. Suppose 5*c - 86 = 2*x, -4*c - x = x - 58. Calculate the remainder when c is divided by a.
7
Suppose 9*c - 561 - 51 = 0. What is the remainder when c is divided by 23?
22
Let j = 0 - -11. Suppose -4*n - j + 43 = 0. What is the remainder when n is divided by (-2)/8 - 13/(-4)?
2
Let m(f) = 4*f + 3. Calculate the remainder when m(8) is divided by 20.
15
Let l be 9 + -1 - (1 + -4). Let j = l - 1. Suppose 3*k = 2*x - j - 46, -2*k = -5*x + 118. Calculate the remainder when x is divided by 6.
4
Let v(m) = -m + 9. Suppose -5*c + 179 = 5*j - 3*c, -c = -j + 40. What is the remainder when j is divided by v(-4)?
11
Let b(h) = h**3 + 9*h**2 + 6*h + 4. Calculate the remainder when b(-8) is divided by 7.
6
Let v(o) = -o**3 + 5*o**2 + 6*o + 7. Let z be v(6). Let f = z + -3. What is the remainder when ((-28)/10)/(2/(-10)) is divided by f?
2
Let g(v) be the third derivative of -v**6/120 + 3*v**5/20 - v**4/3 + v**3/6 - 2*v**2. What is the remainder when 1 is divided by g(8)?
0
Suppose 4*l + 2*i - 2 = 0, 17 = -l - 7*i + 3*i. Suppose 6 = j - l. Calculate the remainder when 24 is divided by j.
6
Let y(v) = v**2 - 5*v - 3. Let t(i) = i + 9. Calculate the remainder when y(-5) is divided by t(7).
15
Suppose -5*d - 5*x = -35, -3*d = -4*x + 2*x - 41. What is the remainder when (-5)/(84/(-16) + 5) is divided by d?
9
Calculate the remainder when -5*2*52/(-8) is divided by 17.
14
Suppose 0 = -3*t - 2*h + 26, 0*h - 4*h = -4*t + 48. What is the remainder when 28 is divided by t?
8
Let p(c) be the first derivative of c**3 + c**2 + 4*c + 4. What is the remainder when p(-3) is divided by 14?
11
Suppose 4 = 5*r - 6. What is the remainder when 26/6 - 2/6 is divided by r?
0
Let j = -95 + 117. Calculate the remainder when 55 is divided by j.
11
Suppose 0 = 3*q - 33 - 6. Let t(k) = 6*k + 3. Let d be t(5). Let p = d + 3. Calculate the remainder when p is divided by q.
10
Let w(k) = -k**2 + 6*k - 6. Let j be w(4). Suppose -2 = z, -64 = -h + j*z - 5*z. Suppose 0 = -y - y + h. What is the remainder when y is divided by 18?
17
Let q(l) = -35*l. Calculate the remainder when 138 is divided by q(-1).
33
Suppose -4*l = -5 - 19. Suppose 28 = -2*i + 58. Calculate the remainder when i is divided by l.
3
Suppose -4*z + z = -228. What is the remainder when z is divided by 13?
11
Let s = 8 + -6. Suppose -2*h = -k - 14 - 7, 0 = s*k + 2. Suppose -3*j = 4*p - 56 - 48, -3*p - 3*j + 75 = 0. Calculate the remainder when p is divided by h.
9
Let b be 86/10 - 24/40. Suppose b*m - 42 = 5*m. Calculate the remainder when 68 is divided by m.
12
Let g(c) = c**3 + c**2 - c + 2. Calculate the remainder when g(3) is divided by 13.
9
Suppose 0*q = 3*l - 4*q - 14, -5*q = -4*l + 18. What is the remainder when 6 is divided by l?
0
Let d = -41 - -73. What is the remainder when 62 is divided by d?
30
Let g(u) be the first derivative of -u**4/4 - 2*u**3 - 3*u**2/2 - 9*u + 1. Let f = -10 - -4. What is the remainder when g(f) is divided by 3?
0
Let c(p) = -3*p**2 - 22*p - 10. Calculate the remainder when 98 is divided by c(-5).
23
Let y(p) = 3*p + 22. Suppose 0 = z + 2*z. Calculate the remainder when 86 is divided by y(z).
20
Let m(c) = 16*c**3 - 2*c**2 + c. What is the remainder when m(2) is divided by 41?
40
Let i = -152 - -215. Suppose 66*d = 60*d + 96. Calculate the remainder when i is divided by d.
15
Suppose -2*p = -25 - 17. Let f = 37 - -2. What is the remainder when f is divided by p?
18
Calculate the remainder when 43 is divided by 6/27 + 4/(-18) - -15.
13
Suppose -f + 90 = -34. What is the remainder when f is divided by 18?
16
Suppose -14*h = -8*h - 198. What is the remainder when 63 is divided by h?
30
Let y = 2 - 1. Suppose -n = -8 - y. Calculate the remainder when 34 is divided by 10 - -3*6/n.
10
Let k = -9 + 11. Suppose 29 = -0*m + k*m + b, -2*m = 3*b - 31. Calculate the remainder when 26 is divided by m.
12
Suppose y = -2*n + 7 + 17, -37 = -3*n - y. Calculate the remainder when 37 is divided by n.
11
Calculate the remainder when (-2)/(-4)*0 + 18 is divided by 7.
4
Suppose w - 2*u - 53 = 0, -w - 5*u + u + 35 = 0. What is the remainder when w is divided by ((-120)/35)/((-1)/((-7)/(-2)))?
11
Let n(h) = 14 + 51 - 2*h**2 + h**2. What is the remainder when n(0) is divided by 22?
21
Let q be 4/(-8)*2 + 1. Suppose q = -5*g + 2*w + 82 + 74, 5*g = w + 158. What is the remainder when g is divided by 11?
10
Suppose t + 4*t + 4*f + 15 = 0, -2*f = 3*t + 11. Let h = t + 29. Calculate the remainder when 87 is divided by h.
21
Calculate the remainder when 63 is divided by -3 - (-1 + 2 - 20).
15
Suppose 3*a + 45 = 2*m, 106 = 5*m - a - 0*a. Calculate the remainder when 81 is divided by m.
18
Let b(l) = -l**2 + 3*l. Let h be b(3). Suppose 4*a - 4*n + n = -5, h = -a + n - 1. What